) in base 4?
311102303
Convert 11021404 (base 7) to base 10.
946537
What is -585ba (base 14) in base 12?
-a4634
What is 261b9 (base 12) in base 14?
14dd3
What is -301363 (base 12) in base 7?
-6235614
Convert 6636404 (base 7) to base 16.
c7445
What is b8c8 (base 16) in base 9?
71800
Convert 1110231012 (base 4) to base 8.
1245506
-2564822 (base 12) to base 8
-34020632
Convert 110021202210011 (base 3) to base 9.
13252704
Convert -688a6b (base 15) to base 3.
-100101112211002
Convert -111122102020100 (base 3) to base 6.
-415231530
190284 (base 11) to base 4
1013210202
What is -1001012011202 (base 3) in base 10?
-554897
Convert -2824621 (base 11) to base 4.
-102210031011
-69043 (base 13) to base 16
-2eada
What is 8956 (base 15) in base 7?
150600
What is -d8c3 (base 14) in base 2?
-1001001000100011
Convert 104093 (base 13) to base 3.
201022112112
What is -747c (base 14) in base 12?
-b772
What is 70151 (base 9) in base 6?
553114
What is 11100001001110001 (base 2) in base 15?
24278
44935 (base 13) to base 5
12441342
13223212030 (base 4) to base 12
811324
Convert -554341 (base 7) to base 6.
-2031444
-103244443 (base 5) to base 3
-211200222212
-568a17 (base 12) to base 14
-280471
What is -b6985 (base 13) in base 3?
-121201021120
What is 134205031 (base 6) in base 15?
38bad4
Convert 31245 (base 6) to base 13.
1bb6
Convert 19215 (base 12) to base 6.
441225
What is -22102010122002 (base 3) in base 7?
-53000036
eabb1 (base 15) to base 12
2bb271
Convert -111101101010001101 (base 2) to base 7.
-2101214
Convert -412 (base 15) to base 5.
-12132
-46040 (base 10) to base 6
-553052
1623772 (base 9) to base 14
196856
What is -3ac253 (base 16) in base 11?
-21a020a
Convert -a5111 (base 12) to base 4.
-310301131
What is -94814 (base 10) in base 12?
-46a52
What is 11011110110010100 (base 2) in base 5?
12122233
Convert -461569 (base 11) to base 12.
-2b4979
-100221121101222 (base 3) to base 12
-192b738
-4667254 (base 8) to base 14
-252176
Convert -141026145 (base 7) to base 5.
-4322333224
What is -1a5920 (base 13) in base 4?
-2203123323
Convert 130d5cc (base 14) to base 13.
1b95477
Convert 2889a49 (base 11) to base 2.
10010111011011001101100
Convert -751ba (base 12) to base 2.
-100101100111011110
-2202025 (base 6) to base 4
-122230001
Convert 37601 (base 14) to base 9.
226043
Convert b09c6 (base 13) to base 5.
40101404
Convert 2a1c57 (base 14) to base 11.
910731
What is -1000110110110010100001 (base 2) in base 9?
-4327531
-ad86d0 (base 14) to base 8
-26405236
1727a9 (base 11) to base 9
446431
What is -2000112211 (base 3) in base 6?
-504034
Convert 91c34 (base 15) to base 6.
13521421
What is 20601155 (base 7) in base 8?
6526610
What is -188967 (base 10) in base 11?
-119a79
What is -100100110000100000000 (base 2) in base 4?
-10212010000
What is 12505556 (base 9) in base 12?
20842b9
-1365265 (base 7) to base 3
-100100212021
Convert -12454700 (base 8) to base 13.
-762401
What is 24300242 (base 5) in base 3?
102121000202
100211102220221 (base 3) to base 12
18bb667
What is -77114 (base 9) in base 5?
-3113444
Convert -36144611 (base 8) to base 11.
-4517385
Convert 61a693 (base 13) to base 3.
11021210210002
297373 (base 16) to base 10
2716531
81281 (base 9) to base 5
3202302
Convert 30302633 (base 7) to base 10.
2522054
What is -33201132333 (base 4) in base 11?
-232a374
Convert -14421c (base 13) to base 7.
-4130145
Convert 40803 (base 11) to base 15.
12990
What is -563320 (base 7) in base 8?
-302457
-10126761 (base 8) to base 14
-3da6d3
Convert 200313201312 (base 4) to base 15.
b52d89
Convert ddb44 (base 14) to base 13.
15a736
17411 (base 11) to base 4
11332012
Convert 1010110002001 (base 3) to base 14.
118589
What is -12431114411 (base 5) in base 16?
-ec56db
1251660 (base 9) to base 4
2212321131
Convert 2748b5 (base 13) to base 7.
11045563
What is -320628 (base 9) in base 13?
-68ab6
-1010111110220 (base 3) to base 15
-bcd10
What is 1a2770 (base 12) in base 2?
1110000011111000100
Convert -554640 (base 11) to base 6.
-30543054
What is -159414 (base 13) in base 9?
-1004250
What is 1cc63 (base 14) in base 2?
10010000000110111
Convert 440030 (base 7) to base 15.
17b88
What is -132011303 (base 4) in base 10?
-123251
-1092827 (base 12) to base 3
-12222102100211
2f385 (base 16) to base 7
1433613
What is -24a55 (base 14) in base 2?
-10101111011110011
What is -13101121202 (base 4) in base 10?
-1906274
What is 98494 (base 14) in base 5?
43243420
Convert -1231072 (base 8) to base 13.
-bc003
What is -121201011000 (base 3) in base 5?
-41011022
Convert 11001022110 (base 3) to base 9.
131273
Convert 1010001111000101111000 (base 2) to base 11.
1572a74
What is 3782328 (base 9) in base 10?
2061881
b8a606 (base 13) to base 7
51565346
Convert 221110000202 (base 3) to base 7.
4154120
Convert -17ac90 (base 13) to base 12.
-248633
Convert 381470 (base 12) to base 10.
914772
Convert -c70e89 (base 16) to base 2.
-110001110000111010001001
What is 7730547 (base 8) in base 11?
1199560
What is -44400a (base 14) in base 12?
-9382b6
What is -196a0 (base 11) in base 6?
-331040
2402666 (base 8) to base 16
a05b6
Convert -70d6a (base 16) to base 13.
-1324aa
-68d76 (base 16) to base 3
-210211001211
33533530 (base 7) to base 4
23013330031
-13133202312 (base 4) to base 5
-1000323324
-10100110010010100 (base 2) to base 4
-110302110
What is -20110100111 (base 3) in base 2?
-11111000001111110
Convert 25035021 (base 6) to base 5.
201020013
Convert -14542355 (base 6) to base 9.
-858208
Convert 21101101011 (base 3) to base 14.
3ad7b
-11001111010001001001001 (base 2) to base 16
-67a249
What is b3001 (base 12) in base 16?
38f41
1916814 (base 10) to base 6
105030050
Convert -1034200323 (base 5) to base 6.
-120210002
What is -2d6dc6 (base 16) in base 4?
-23112313012
What is -37209 (base 10) in base 16?
-9159
Convert -1f5ada (base 16) to base 14.
-3b6c0a
What is 223112 (base 10) in base 14?
5b448
What is -7a4b0 (base 12) in base 13?
-59343
Convert bb62b (base 13) to base 6.
11135125
-1165b7 (base 12) to base 10
-280795
-424324203 (base 5) to base 15
-256153
Convert -2161b2 (base 12) to base 10.
-529046
Convert 11110110001110001010 (base 2) to base 13.
294078
What is -113122021 (base 4) in base 13?
-34846
Convert 20000112000 (base 4) to base 8.
10002600
What is 10202122110 (base 3) in base 16?
12174
What is -2c3caa (base 14) in base 10?
-1547374
Convert 83374 (base 14) to base 11.
1a6670
Convert 92261 (base 10) to base 12.
45485
Convert -bb49 (base 12) to base 10.
-20649
Convert -2332024 (base 5) to base 11.
-2a147
What is -110021112333 (base 4) in base 3?
-100221022110120
332939 (base 11) to base 10
530869
Convert 5d762 (base 14) to base 10.
229210
What is -1151800 (base 10) in base 2?
-100011001001100111000
-347720 (base 8) to base 7
-1003112
Convert 2212845 (base 10) to base 13.
5c629b
What is -60aa3 (base 14) in base 12?
-b2733
Convert -116064 (base 7) to base 6.
-242400
Convert 16201623 (base 7) to base 2.
101111101110000111001
What is -232102231 (base 4) in base 3?
-100122002201
What is -21230621 (base 7) in base 13?
-4b2c75
What is 20100331 (base 4) in base 8?
102075
What is -483a7 (base 11) in base 15?
-159b2
What is -102120111112 (base 3) in base 10?
-227813
What is -122010202000 (base 3) in base 8?
-1222672
Convert -10203284 (base 9) to base 4.
-102231021010
550605 (base 10) to base 15
ad220
-200100122021110 (base 3) to base 11
-556364a
What is -11001012001 (base 4) in base 15?
-1aea51
Convert 101110010111100110 (base 2) to base 13.
685a9
-124330100 (base 5) to base 2
-10010111100001101010
35306 (base 12) to base 8
213166
What is 63a925 (base 15) in base 14?
8b6ba7
-73192 (base 15) to base 5
-43133422
What is -114099 (base 12) in base 8?
-1034165
What is 10110100101100100010 (base 2) in base 15?
e9470
What is 545874 (base 11) in base 14?
189879
Convert 117a60 (base 12) to base 8.
1051050
Convert -b96997 (base 12) to base 2.
-1011001100101100000011
Convert -2867186 (base 11) to base 2.
-10010110011010110001100
Convert 356a57 (base 12) to base 2.
11010010011101100011
Convert 14213246 (base 8) to base 12.
10b1886
20110010012 (base 3) to base 13
45a10
Convert 4a81432 (base 11) to base 4.
201220101310
Convert 304616 (base 11) to base 7.
4105204
What is -121121403 (base 7) in base 4?
-130303223013
-5a164 (base 11) to ba